te the remainder when 105256 is divided by 26307.
28
What is the remainder when 1625311 is divided by 32?
31
Calculate the remainder when 554779 is divided by 1163.
28
Calculate the remainder when 1635085 is divided by 845.
10
What is the remainder when 165567 is divided by 1623?
21
What is the remainder when 3635994 is divided by 5?
4
What is the remainder when 381241 is divided by 540?
1
Calculate the remainder when 3371034 is divided by 67.
63
Calculate the remainder when 3516806 is divided by 20328.
62
What is the remainder when 328493 is divided by 1942?
295
Calculate the remainder when 26676554 is divided by 2667654.
14
What is the remainder when 1962399 is divided by 12996?
3
Calculate the remainder when 2416431 is divided by 142.
17
What is the remainder when 117974 is divided by 463?
372
What is the remainder when 6447236 is divided by 24702?
14
Calculate the remainder when 290360 is divided by 16130.
20
Calculate the remainder when 97248 is divided by 3.
0
What is the remainder when 2768441 is divided by 79098?
11
Calculate the remainder when 607375997 is divided by 1375.
1372
Calculate the remainder when 74101992 is divided by 2964079.
17
What is the remainder when 6535619 is divided by 108926?
59
Calculate the remainder when 33470569 is divided by 10.
9
What is the remainder when 1048114 is divided by 3138?
22
Calculate the remainder when 31842 is divided by 1091.
203
What is the remainder when 1875264 is divided by 890?
34
Calculate the remainder when 1206689 is divided by 149.
87
What is the remainder when 36712 is divided by 598?
234
Calculate the remainder when 1992656 is divided by 139.
91
Calculate the remainder when 78957899 is divided by 415.
414
What is the remainder when 107302 is divided by 1465?
357
Calculate the remainder when 222578 is divided by 27803.
154
Calculate the remainder when 658266 is divided by 46869.
2100
Calculate the remainder when 96880298 is divided by 23.
20
Calculate the remainder when 703981 is divided by 352.
333
What is the remainder when 443868 is divided by 426?
402
What is the remainder when 14549609 is divided by 10?
9
What is the remainder when 253726 is divided by 2726?
208
What is the remainder when 3105572 is divided by 1035177?
41
What is the remainder when 221851503 is divided by 2015?
3
Calculate the remainder when 1143267 is divided by 583.
4
What is the remainder when 61288 is divided by 1510?
888
What is the remainder when 11030719 is divided by 4718?
35
Calculate the remainder when 601332 is divided by 3165.
3147
What is the remainder when 333160 is divided by 332964?
196
Calculate the remainder when 2080779 is divided by 138718.
9
Calculate the remainder when 22511296 is divided by 1618.
62
Calculate the remainder when 2501054 is divided by 6496.
94
Calculate the remainder when 1482196 is divided by 143.
1
What is the remainder when 508538 is divided by 169503?
29
Calculate the remainder when 517328638 is divided by 8.
6
What is the remainder when 83712 is divided by 218?
0
What is the remainder when 299025084 is divided by 251?
250
What is the remainder when 24835023 is divided by 3173?
3125
What is the remainder when 734594 is divided by 1662?
1652
Calculate the remainder when 374104 is divided by 93388.
552
Calculate the remainder when 58564605 is divided by 4011.
4005
What is the remainder when 29925159 is divided by 4368?
4359
Calculate the remainder when 877060 is divided by 108.
100
What is the remainder when 3950 is divided by 247?
245
What is the remainder when 123502 is divided by 3294?
1624
What is the remainder when 2827182 is divided by 260?
202
What is the remainder when 81057 is divided by 135?
57
What is the remainder when 10747856 is divided by 91862?
2
Calculate the remainder when 188994 is divided by 145.
59
What is the remainder when 33153996 is divided by 4606?
8
What is the remainder when 97237757 is divided by 256?
253
Calculate the remainder when 86931571 is divided by 2366.
2365
Calculate the remainder when 115120 is divided by 38128.
736
What is the remainder when 12858442 is divided by 577?
574
Calculate the remainder when 3114875 is divided by 30.
5
What is the remainder when 546663 is divided by 2533?
2068
What is the remainder when 374018 is divided by 145?
63
What is the remainder when 100963741 is divided by 112?
109
Calculate the remainder when 1112295 is divided by 13408.
12839
What is the remainder when 2698426 is divided by 21?
10
What is the remainder when 2162262463 is divided by 15?
13
What is the remainder when 11765007 is divided by 15319?
15
Calculate the remainder when 15836610 is divided by 190.
110
What is the remainder when 526901 is divided by 1981?
1936
What is the remainder when 275594 is divided by 4053?
4043
Calculate the remainder when 11093946 is divided by 4.
2
Calculate the remainder when 69653 is divided by 23159.
176
Calculate the remainder when 1464426 is divided by 11352.
18
Calculate the remainder when 56698318 is divided by 3326.
3322
Calculate the remainder when 9645 is divided by 313.
255
What is the remainder when 563861224 is divided by 1673?
1669
Calculate the remainder when 13418260 is divided by 1645.
1640
What is the remainder when 5690 is divided by 2205?
1280
Calculate the remainder when 194268 is divided by 2206.
140
Calculate the remainder when 578005784 is divided by 63.
62
What is the remainder when 21401326 is divided by 17731?
9
Calculate the remainder when 2672780 is divided by 445462.
8
Calculate the remainder when 644692 is divided by 12430.
10762
Calculate the remainder when 37965 is divided by 3795.
15
Calculate the remainder when 84487 is divided by 6498.
13
Calculate the remainder when 3113872 is divided by 2682.
70
What is the remainder when 7135683 is divided by 13045?
68
Calculate the remainder when 251463873 is divided by 325.
323
What is the remainder when 46633 is divided by 669?
472
Calculate the remainder when 305513 is divided by 152670.
173
Calculate the remainder when 8988312 is divided by 1760.
1752
What is the remainder when 394406 is divided by 888?
134
What is the remainder when 195827 is divided by 446?
33
Calculate the remainder when 5197 is divided by 627.
181
Calculate the remainder when 6479839 is divided by 43.
40
What is the remainder when 3560051 is divided by 1446?
1445
Calculate the remainder when 1551328 is divided by 191.
26
Calculate the remainder when 112286 is divided by 6947.
1134
What is the remainder when 2529898 is divided by 85?
43
What is the remainder when 61589 is divided by 1976?
333
What is the remainder when 197013 is divided by 3436?
1161
Calculate the remainder when 120049 is divided by 14985.
169
Calculate the remainder when 160750041 is divided by 52.
49
What is the remainder when 119123 is divided by 135?
53
What is the remainder when 100810 is divided by 4197?
82
What is the remainder when 242491 is divided by 1643?
970
What is the remainder when 163404 is divided by 699?
537
Calculate the remainder when 2168083 is divided by 17918.
5
What is the remainder when 46461263 is divided by 43?
21
What is the remainder when 49026 is divided by 46037?
2989
Calculate the remainder when 1222675 is divided by 101889.
7
What is the remainder when 649406 is divided by 155?
111
Calculate the remainder when 45516880 is divided by 385.
255
What is the remainder when 711206 is divided by 371?
370
What is the remainder when 29015998 is divided by 8130?
28
Calculate the remainder when 33178 is divided by 2734.
370
What is the remainder when 97039939 is divided by 46?
41
What is the remainder when 311605 is divided by 34622?
7
Calculate the remainder when 4122962 is divided by 117.
116
Calculate the remainder when 115037 is divided by 329.
216
Calculate the remainder when 10852 is divided by 839.
784
Calculate the remainder when 173485 is divided by 397.
393
What is the remainder when 22893207 is divided by 11124?
15
Calculate the remainder when 367469 is divided by 300.
269
What is the remainder when 9728875 is divided by 3242956?
7
Calculate the remainder when 6066182 is divided by 7640.
22
What is the remainder when 83386 is divided by 123?
115
What is the remainder when 6500113 is divided by 141304?
129
What is the remainder when 299692 is divided by 485?
447
Cal